False
Suppose 5*y + 497 = 592. Suppose -9864 + 1086 = -y*z. Is z a multiple of 14?
True
Suppose 2*c = 17*c - 4140. Suppose 628*i = 626*i + c. Is i a multiple of 23?
True
Is 72 a factor of (-7)/4 - (94201/(-12) + 1/3)?
True
Let l be (-2)/4*5*-2. Let z(c) = 9*c**3 + c**2 + 4*c - 5. Let o be z(2). Suppose -2*x + 3*x = w - 19, 3*x = -l*w + o. Is 16 a factor of w?
False
Suppose -2*h - 3*d = -23800, h = 5*d + 10767 + 1172. Is h a multiple of 30?
False
Suppose 0 = 5*m - 5*f - 15, 53 - 45 = 4*f. Let n be (-2070)/(-8) + (-3)/4. Suppose -n = -m*k + 27. Is k a multiple of 3?
True
Let h = 7688 - 4485. Is h a multiple of 13?
False
Let c = 66785 - 39084. Is 38 a factor of c?
False
Suppose v + 0 = 3*o + 13, 2*v - 2*o = 10. Suppose -u - v + 4 = 0, -3*m + 5*u = 0. Suppose w + m*k = 66 + 47, -w - 4*k = -114. Is 18 a factor of w?
False
Let u(t) = 312*t**3 - 9*t**2 + 51*t - 76. Let f(v) = 104*v**3 - 3*v**2 + 17*v - 25. Let x(c) = -8*f(c) + 3*u(c). Is x(2) a multiple of 7?
True
Suppose -66*o + 100 = -71*o. Does 5 divide 120/16*o/(-6)?
True
Suppose -169967 = -185*j + 48. Is j a multiple of 11?
False
Let w = -279 + 504. Let k = 387 - w. Is k a multiple of 54?
True
Let m(s) = -6*s + 0*s**2 + 5 + s**2 - s + 6*s. Let c be m(0). Suppose 0 = c*z - 157 - 33. Does 19 divide z?
True
Suppose 18 = 4*d + 2*d. Suppose 5*c = -d*v + 4141, -2*v = c - 1087 + 263. Does 18 divide c?
False
Let y = 4205 - -38279. Is 47 a factor of y?
False
Let d(j) = 6*j**2 - j. Let f be d(1). Let r(q) = 6*q**2 - 7*q + 1. Let v be r(f). Suppose -v = -7*l + 3*l. Does 3 divide l?
False
Let x be ((2/4)/((-8)/64))/(-1). Suppose -314 = -x*q + 2*q. Let z = q + -85. Is 22 a factor of z?
False
Let y(i) = 2*i**3 + 203*i**2 - 5*i + 2983. Is y(-99) a multiple of 31?
True
Suppose h + 3*h - 12 = 0, -5*k - 4*h + 12 = 0. Suppose -s + 6 - 2 = k. Suppose 0 = -5*l - s*p + 410, -3*l - 5*p = -p - 246. Does 25 divide l?
False
Let u = 45 - 51. Let r(v) = v**3 + 9*v**2 + 16*v + 18. Does 15 divide r(u)?
True
Suppose 8409883 = 315*c + 145*c + 1160743. Is 51 a factor of c?
True
Let i = -10617 + 10751. Suppose -w - 60 = 2. Let o = i + w. Does 12 divide o?
True
Let g(v) = -43*v + 8. Let f(r) be the third derivative of 43*r**4/12 - 5*r**3/2 - 4*r**2. Let y(o) = -3*f(o) - 7*g(o). Does 23 divide y(4)?
True
Let s be 2 - (4/2)/(-2). Suppose 3*z = -s*v + 16218, 2371 = 3*v - 5*z - 13807. Suppose 14*t = v - 2181. Is t a multiple of 14?
False
Suppose -7 = -f + 5*v, 3*f - v - 50 = f. Let o(r) = -7 + 4*r + f - 8*r - 11*r. Does 35 divide o(-8)?
True
Let y = -68 - -108. Suppose 0 = 3*p + 4*g - y, 0 = -2*p + 4*g + 49 + 11. Let l = p + 10. Does 6 divide l?
True
Suppose -5*c + 5 + 20 = 0. Suppose -z - 3*w = -85, c*w = -4*z + 8*w + 415. Is 4 a factor of z?
True
Let g(i) = 58*i**2 + 102*i - 403. Does 195 divide g(13)?
True
Suppose -3*r + 4*b - 7 - 31 = 0, -2*r - 3*b = -3. Let c be (4/3)/(r/(-9)). Suppose 30 = 5*o - c*t, 4*o - 3*o - 6 = 4*t. Is o a multiple of 5?
False
Let c(v) = -v + 5. Let w be c(3). Let q(z) = 71*z**2 - 2 - z**2 + 1 + w. Is 5 a factor of q(-1)?
False
Suppose 0 = 2*s + 2*w + 8, -7*w + 12*w = -s - 12. Does 69 divide (1/s)/((-74)/44992)?
False
Suppose 33*z = 39*z + 126. Is (199/2)/((z/14)/(-3)) a multiple of 15?
False
Let c(t) = 710*t + 774. Is 31 a factor of c(103)?
True
Let a(m) = 9*m**3 - 9*m - 10. Let j(s) = 5*s**3 - 4*s - 4. Let l(u) = 2*a(u) - 5*j(u). Does 26 divide l(-2)?
True
Suppose -882585 = -107*g + 900793 - 58003. Is 129 a factor of g?
True
Let k(w) = -2*w**2 + 14*w - 15. Let z be k(5). Let v = z + 130. Is v a multiple of 13?
False
Suppose -2*r + 6276 = 3*r + 6*t, -2*r + 5*t = -2466. Does 24 divide r?
True
Suppose 865761 = 141*r - 1516857. Is 10 a factor of r?
False
Suppose -2*f = 2*o - 40306 - 2160, -3*o + 5*f + 63739 = 0. Is o a multiple of 74?
True
Let m = -28 - -14. Let i = m + -28. Is 28/i + (-482)/(-3) a multiple of 40?
True
Let g be 1753 - 2/(-4 + 5). Suppose 0 = 3*k + 2*k - 3*l - 1767, -5*k - l + g = 0. Suppose -11*c = -8*c - k. Does 7 divide c?
False
Let b be (123/(-4))/((-15)/160). Suppose -b*l + 322*l = -1188. Does 32 divide l?
False
Let r = -8452 - -8954. Is 7 a factor of r?
False
Let l be (8/5)/(20/50). Suppose -22*x + 932 = l*d - 18*x, 0 = 5*x - 15. Is 23 a factor of d?
True
Let v be (-5*154/(-175))/(6/15). Suppose -9602 + 3068 = -v*o. Does 22 divide o?
True
Suppose 4 = 4*m - 4*y - 4, -4*m - y - 7 = 0. Let b be (-7)/2*(m + 186/(-14)). Suppose -36 = 2*c - b. Is 7 a factor of c?
True
Let x(i) = -i**2 - 2*i + 12. Let m be x(-7). Let a(d) = 50 - 24*d**2 - 3*d + d**2 - 66 - d**3. Is 10 a factor of a(m)?
False
Let f(i) = -i**3 + 2*i**2 + 2*i + 17. Let t(z) = -z**3 - z**2. Let q(s) = -f(s) + 4*t(s). Is q(-5) a multiple of 15?
False
Suppose 63*h = 16*h + 453456. Suppose 3612 + h = 10*b. Is 51 a factor of b?
True
Let f(z) = -2*z + z**3 - z - 226*z**2 - 2*z + 218*z**2 + 83 - 5*z. Is f(11) a multiple of 42?
True
Let x(s) = 30*s - 1845. Does 15 divide x(64)?
True
Is 26 a factor of ((-70)/6)/((-115)/16905)?
False
Suppose 6*j = -0*j. Suppose -9*a + 3*a = j. Suppose a*n = -n + 44. Is n a multiple of 25?
False
Suppose 0*a + a - 4 = 0. Suppose -4*k = -9 - 7, a*k = 2*j - 68. Let g = 54 - j. Does 3 divide g?
True
Let h(v) = 13*v**2 + 26*v - 240. Does 160 divide h(-42)?
True
Suppose -2*w = -2*w + 13*w - 10101. Does 8 divide w?
False
Let t = 282 + -280. Suppose 2*p - 535 = -3*g - 105, t*p + 4*g - 432 = 0. Is p a multiple of 8?
False
Let i be 8 + 4 + 6 + -17. Is 15 a factor of 4432/20*(i/2 + 2)?
False
Suppose -17 = 9*d - 53. Suppose t - 5*t + 664 = -d*u, -5*u - 182 = -t. Is 17 a factor of t?
False
Suppose -4 = -4*a - 3*h, 0 = a - 2*a - 4*h - 12. Suppose 0 = 3*t - t + s + a, -12 = -5*t + 3*s. Suppose t = -5*y - 2*y + 385. Is 12 a factor of y?
False
Let j(s) = s**3 + 86*s**2 + 316*s - 590. Is j(-82) a multiple of 6?
False
Let g(d) be the third derivative of 3*d**4/4 + 2*d**3 - 4*d**2 + 5*d. Is g(4) a multiple of 14?
True
Let c(f) = -112*f + 64. Let h be c(-3). Suppose 230 = 14*p - h. Is p a multiple of 29?
False
Let r be (-70)/(-5)*(-4 + (-9)/(-2)). Suppose -16*o = -r*o - 783. Is 29 a factor of o?
True
Let i(w) = 2705*w**2 + 11*w - 18. Let f be i(2). Suppose 14*u - 47*u = -f. Does 11 divide u?
False
Let y = -457 + 462. Suppose 1392 = k + 2*k - 3*m, -y*k + 4*m = -2318. Is k a multiple of 7?
True
Let z = 60 - 59. Let g(v) = -3*v**3 - v**2 + 2*v - 1. Let p be g(z). Is 4 a factor of (-93)/(-5) + p/5?
False
Let x(q) = -117*q + 640. Does 17 divide x(-31)?
True
Is (-6)/66 + (-31115)/(-77) a multiple of 47?
False
Suppose -6*r + 6994 = 20*r. Suppose r*z = 276*z - 1253. Is 3 a factor of z?
False
Is (39/(-4))/((-189)/116172) a multiple of 90?
False
Let v = -868 - -1517. Does 11 divide v?
True
Let l(s) = -s**3 + 31*s**2 + 76*s + 147. Is 10 a factor of l(33)?
False
Suppose 0 = 5*o - x - 126758 + 9156, 70554 = 3*o + 3*x. Does 168 divide o?
True
Let h(p) = -7331*p - 9597. Is 65 a factor of h(-6)?
False
Suppose -23*b = -27*b + 20. Suppose 0 = 5*w - 3*w - b*s - 11, 4*s = 3*w - 13. Let k = 10 - w. Is k a multiple of 5?
False
Suppose -2*i - 3*t = -8*t - 12, -2*t - 30 = -5*i. Suppose -7*f = -i*f - 391. Is f a multiple of 29?
False
Suppose 65 = 2*t + 19. Suppose 5*l - 2*g + t = 6, l + 5*g - 2 = 0. Is (0 - l)/(-1) + 113 + -6 a multiple of 13?
True
Let d(p) = -3*p**3 + 15*p**2 + 20*p - 6. Suppose -4*m = 4*c + 4, c + m + 3*m - 11 = 0. Is 45 a factor of d(c)?
False
Let p(f) = 1193*f**2 + 2*f - 3. Let n be p(1). Suppose -j = -5*j + n. Does 69 divide j?
False
Let k be -5 + (-8 - -7)*-1. Let t(l) = l**3 + 5*l**2 + 9*l + 5. Let c(y) = -2*y**3 - 10*y**2 - 19*y - 10. Let a(r) = -2*c(r) - 5*t(r). Is a(k) a multiple of 2?
False
Let c(n) = -4*n**3 - 2*n**2 + 21*n + 7. Is 42 a factor of c(-7)?
True
Suppose -4*a + 7*a - 5*f = -24, -f + 12 = -3*a. Let h(i) = 22*i**2 - i + 4. Is h(a) a multiple of 21?
False
Suppose 66264 = -4498*d + 4509*d. Is d a multiple of 54?
False
Suppose 8 = 2*i, g = -7*i + 10*i - 402. Let k be 6/(-10) + g/(-25). Let u(x) = 22*x - 59. Does 19 divide u(k)?
False
Let d(s) = 26*s - 94. Let t be d(4). Suppose 0 = -t*h + 6854 - 1224. Does 28 divide h?
False
Let g = 226 - 228. Is (31 - -19)/(g/(-19)) a multiple of 19?
True
Let m = 121 + -62. Suppose 0 = -5*r - 59 + m. Suppose r*g - 5*g - 123 = -2*a, -4*a - g = -257. Is a a multiple of 33?
False
